st common factor of 644191420 and 866?
866
What is the greatest common factor of 1830553 and 43?
43
What is the highest common divisor of 674234 and 57824437?
17743
Calculate the greatest common divisor of 8525 and 2082850.
275
Calculate the greatest common divisor of 4420 and 9145201.
221
What is the highest common factor of 1525 and 22701760?
305
What is the greatest common factor of 26097204 and 29400?
588
What is the greatest common factor of 29981520 and 198?
18
What is the greatest common factor of 291 and 2104941516?
291
What is the greatest common divisor of 76 and 74695802?
38
Calculate the greatest common divisor of 2619665 and 358.
179
What is the highest common divisor of 959 and 36463783?
137
Calculate the greatest common divisor of 98825 and 23825.
25
Calculate the highest common divisor of 56 and 2677003.
7
Calculate the highest common factor of 82077 and 6262701.
753
What is the greatest common divisor of 46064516 and 82289?
4331
Calculate the highest common factor of 252234 and 9801.
81
What is the greatest common factor of 4811 and 10421?
17
Calculate the highest common factor of 24076991 and 1.
1
What is the greatest common factor of 15806422 and 9136?
1142
Calculate the highest common divisor of 92887500 and 53125.
3125
Calculate the highest common divisor of 2767242375 and 2010.
1005
Calculate the greatest common divisor of 708 and 62181339.
177
Calculate the highest common factor of 60478 and 55528.
22
Calculate the greatest common divisor of 977445 and 62274.
321
What is the highest common factor of 632 and 6125660?
316
Calculate the greatest common divisor of 38 and 295051342.
38
What is the highest common factor of 49375 and 18625?
125
What is the greatest common factor of 143633 and 1452514?
2023
What is the greatest common factor of 20234970 and 4320?
90
Calculate the greatest common divisor of 30751 and 11695312.
191
What is the greatest common divisor of 26908787 and 142?
71
Calculate the highest common divisor of 156924 and 271836.
108
Calculate the greatest common divisor of 140 and 634270.
70
What is the greatest common divisor of 1372 and 28676858?
686
Calculate the highest common divisor of 12440 and 20573272.
2488
Calculate the greatest common divisor of 3344 and 7139.
11
Calculate the highest common factor of 10367 and 57848.
7
Calculate the greatest common factor of 930 and 61633270.
310
Calculate the highest common divisor of 73335 and 1500923.
4889
What is the highest common divisor of 15751854 and 1998?
54
What is the greatest common divisor of 62722119 and 13899?
339
What is the greatest common divisor of 20809666 and 34?
34
Calculate the highest common divisor of 19129 and 1551.
517
Calculate the highest common divisor of 327646683 and 42.
21
What is the highest common factor of 35399070 and 162?
18
Calculate the greatest common factor of 165740 and 39636721.
8287
Calculate the greatest common factor of 649 and 11439923.
649
Calculate the highest common divisor of 2150 and 12579478.
86
Calculate the highest common divisor of 147 and 5336051.
49
Calculate the greatest common divisor of 1785780 and 3730.
10
What is the greatest common factor of 1398 and 40806?
6
What is the greatest common factor of 1461920 and 780?
20
Calculate the greatest common factor of 389838 and 732634.
86
What is the greatest common divisor of 894806 and 66572?
1958
What is the greatest common factor of 1646407 and 2793?
133
Calculate the highest common divisor of 117732786 and 102.
102
Calculate the greatest common divisor of 405 and 407466.
9
What is the highest common factor of 32 and 319545568?
32
Calculate the greatest common divisor of 38 and 8514679.
19
Calculate the greatest common factor of 590562 and 608874.
4578
What is the greatest common factor of 5538997 and 1504?
47
What is the greatest common factor of 70 and 17459170?
10
Calculate the greatest common factor of 618 and 63138279.
309
What is the highest common divisor of 376928 and 96?
32
Calculate the greatest common divisor of 4803261 and 146595.
1011
What is the greatest common divisor of 21273 and 6629?
7
Calculate the highest common divisor of 144 and 3406167.
9
Calculate the highest common factor of 428870 and 10595.
65
What is the greatest common divisor of 1061334 and 198?
18
What is the greatest common factor of 6269401 and 97?
97
What is the greatest common divisor of 1050 and 6653988?
6
What is the greatest common factor of 151 and 18674925?
151
Calculate the greatest common factor of 443898 and 22022.
182
What is the greatest common factor of 29 and 223171?
1
Calculate the highest common factor of 251 and 241618875.
251
Calculate the greatest common divisor of 197720 and 990.
10
Calculate the greatest common factor of 12523 and 3374054.
1789
Calculate the greatest common divisor of 126889689 and 552.
69
What is the highest common factor of 130 and 32867614?
26
What is the greatest common divisor of 1294267452 and 24?
12
Calculate the highest common factor of 64 and 3147867328.
64
Calculate the highest common divisor of 339 and 11971559.
113
Calculate the greatest common divisor of 890 and 7515338.
178
What is the greatest common factor of 72232 and 16?
8
Calculate the highest common divisor of 350352845 and 485.
485
Calculate the highest common factor of 96191 and 206056.
43
Calculate the greatest common divisor of 410890 and 256870.
170
Calculate the highest common factor of 2466 and 142218.
18
Calculate the highest common factor of 476 and 4512072.
68
What is the greatest common divisor of 24094149 and 1671?
1671
What is the greatest common divisor of 1249430 and 15470?
910
What is the highest common factor of 1381 and 4705067?
1381
Calculate the greatest common factor of 416 and 36877472.
32
Calculate the greatest common divisor of 89149210 and 190.
10
What is the highest common divisor of 18101100 and 300?
300
What is the highest common divisor of 3392811 and 7201?
19
What is the highest common factor of 52 and 74198111?
13
What is the highest common factor of 62 and 499285442?
62
Calculate the greatest common divisor of 4677 and 17152118.
1559
What is the highest common divisor of 1125017568 and 1598?
1598
Calculate the highest common divisor of 23000 and 15677720.
920
What is the highest common factor of 2448525 and 2940?
15
What is the greatest common divisor of 266 and 15209124?
14
What is the greatest common divisor of 1465128 and 21924?
756
Calculate the highest common divisor of 1167 and 65551557.
1167
Calculate the highest common factor of 656401 and 456563.
163
Calculate the highest common divisor of 4080 and 53920770.
510
What is the greatest common divisor of 6750 and 4085850?
150
Calculate the highest common divisor of 1752 and 59476677.
219
What is the greatest common divisor of 15211248 and 644176?
3952
Calculate the greatest common factor of 114431 and 93316.
41
What is the highest common factor of 46 and 408323761?
23
What is the greatest common factor of 2592 and 6927606?
162
Calculate the highest common divisor of 724284371 and 17.
17
Calculate the highest common divisor of 18 and 117035418.
6
Calculate the greatest common divisor of 593241 and 19437.
33
Calculate the greatest common divisor of 155 and 138956.
1
Calculate the highest common factor of 1127 and 28122997.
161
What is the greatest common divisor of 481926 and 146444?
62
Calculate the highest common factor of 1111 and 405581.
11
Calculate the highest common factor of 481404 and 10164.
924
Calculate the greatest common factor of 158885772 and 84.
12
What is the greatest common divisor of 102861168 and 48?
48
Calculate the highest common factor of 70 and 22681505.
35
Calculate the highest common divisor of 75051710 and 29.
29
What is the greatest common divisor of 690703553 and 4729?
4729
What is the highest common factor of 3091 and 3485805?
281
Calculate the greatest common factor of 814104520 and 240.
40
What is the highest common divisor of 3004532 and 20?
4
Calculate the greatest common factor of 117266 and 2125.
17
Calculate the greatest common factor of 2939 and 4153315447.
2939
What is the greatest common divisor of 572677123 and 58?
29
What is the greatest common divisor of 564608543 and 71?
71
What is the greatest common divisor of 34496 and 2508198?
154
Wh